{"id":129,"date":"2023-12-02T09:59:11","date_gmt":"2023-12-02T08:59:11","guid":{"rendered":"https:\/\/anarchistischebuechermesse.noblogs.org\/?page_id=129"},"modified":"2023-12-02T09:59:11","modified_gmt":"2023-12-02T08:59:11","slug":"anarsist-kitap-fuari-berlin-kreuzberg-2024","status":"publish","type":"page","link":"https:\/\/anarchistischebuechermesse.noblogs.org\/?page_id=129","title":{"rendered":"Anar\u015fist Kitap Fuar\u0131 Berlin-Kreuzberg 2024"},"content":{"rendered":"<p>Anar\u015fist bir kitap fuar\u0131n\u0131n 5 Eyl\u00fcl &#8211; 8 Eyl\u00fcl 2024 tarihleri aras\u0131nda Berlin-Kreuzberg 36&#8217;da, Bethanien 2 B, 10997 adresindeki NewYorck&#8217;ta ger\u00e7ekle\u015fece\u011fini duyurmaktan b\u00fcy\u00fck mutluluk duyuyoruz. Bildi\u011fimiz kadar\u0131yla Berlin b &#8218;de b\u00f6yle bir \u015fey en son 2016 y\u0131l\u0131nda <a href=\"https:\/\/ausloeser.blackblogs.org\/\">Anar\u015fist Fikirler ve Yay\u0131nlar G\u00fcnleri<\/a> d\u00fczenlendi\u011finde ger\u00e7ekle\u015fmi\u015fti. O zamandan bu yana uzun y\u0131llar ge\u00e7mekle kalmad\u0131, ayn\u0131 zamanda anar\u015fist ve devrimci fikirleri yaymak i\u00e7in Berlin&#8217;de yeniden d\u00fczenli bir etkinlik \u00f6rg\u00fctlemek de \u00f6nemli. Dolay\u0131s\u0131yla kitap fuar\u0131n\u0131 ge\u00e7ici bir \u015fey olarak de\u011fil, her y\u0131l ger\u00e7ekle\u015fmesi gereken s\u00fcrekli bir etkinlik olarak g\u00f6rmek gerek. 2010&#8217;lar\u0131n ba\u015f\u0131ndan bu yana, \u0130ber Yar\u0131madas\u0131&#8217;ndan Balkanlar&#8217;a kadar Avrupa&#8217;n\u0131n d\u00f6rt bir yan\u0131ndaki anar\u015fist kitap fuarlar\u0131, anar\u015fist fikir ve pratiklerin yeniden canlanmas\u0131na katk\u0131da bulundu. Bunun sonucunda yaln\u0131zca d\u00fcnyan\u0131n d\u00f6rt bir yan\u0131ndaki yolda\u015flar aras\u0131nda ba\u011flant\u0131 kurulup kar\u015f\u0131l\u0131kl\u0131 referans verilmekle kal\u0131nmad\u0131, ayn\u0131 zamanda tart\u0131\u015fmalar da uluslararas\u0131la\u015ft\u0131. Bu kitap fuar\u0131yla da yine ayn\u0131 hedefe ula\u015fmak niyetindeyiz.<\/p>\n<p>Berlin&#8217;de olsun ba\u015fka yerlerde olsun anar\u015fist kitap fuarlar\u0131 d\u00fczenlemek, anar\u015fist kitaplara, dolay\u0131s\u0131yla anar\u015fist fikirlere daha fazla yer vermek i\u00e7in pek \u00e7ok neden var; ama tam olarak istedi\u011fimiz bu mu? Birka\u00e7 kitap stand\u0131 a\u00e7mak, birka\u00e7 kitap tan\u0131t\u0131m\u0131 yapmak, biraz tak\u0131lmak bizim i\u00e7in yeterli mi? Hay\u0131r, yeterli de\u011fil, \u00e7\u00fcnk\u00fc esas istedi\u011fimiz \u015fey prati\u011fe d\u00f6n\u00fc\u015febilecek tart\u0131\u015fmalar\u0131 yo\u011funla\u015ft\u0131rmak. Dolay\u0131s\u0131yla kitaplar ve di\u011fer b\u00fct\u00fcn metinler birbirimizle ba\u011f kurmam\u0131za yard\u0131mc\u0131 olan \u00f6nemli ara\u00e7lar olsalar da, kitaplar kendi ba\u015flar\u0131na bir \u015fey ifade etmezler; faydal\u0131 olan ta\u015f\u0131d\u0131klar\u0131 i\u00e7eriktir, ger\u00e7ek bir hareketi \u015fekillendiren ise pratiktir. Berlin&#8217;de olsun ba\u015fka yerlerde olsun anar\u015fist kitap fuarlar\u0131 d\u00fczenlemek, anar\u015fist kitaplara, dolay\u0131s\u0131yla anar\u015fist fikirlere daha fazla yer vermek i\u00e7in pek \u00e7ok neden var; ama tam olarak istedi\u011fimiz bu mu? Birka\u00e7 kitap stand\u0131 a\u00e7mak, birka\u00e7 kitap tan\u0131t\u0131m\u0131 yapmak, biraz tak\u0131lmak bizim i\u00e7in yeterli mi? Hay\u0131r, yeterli de\u011fil, \u00e7\u00fcnk\u00fc esas istedi\u011fimiz \u015fey prati\u011fe d\u00f6n\u00fc\u015febilecek tart\u0131\u015fmalar\u0131 yo\u011funla\u015ft\u0131rmak. Dolay\u0131s\u0131yla kitaplar ve di\u011fer b\u00fct\u00fcn metinler bizleri birbirimize ba\u011flayabilecek \u00f6nemli birer olsalar da, ancak kitaplar kendi ba\u015flar\u0131na bir \u015fey ifade etmezler; faydal\u0131 olan ta\u015f\u0131d\u0131klar\u0131 i\u00e7eriktir, ger\u00e7ek bir hareketi \u015fekillendiren ise pratiktir. \u0130\u00e7erik, her t\u00fcrl\u00fc konu ve sorudan olu\u015fabilir ama t\u00fcm bu konu ve sorular\u0131n tart\u0131\u015fmaya a\u00e7\u0131k olmas\u0131 gerekir. Burada ve d\u00fcnyan\u0131n d\u00f6rt bir yan\u0131nda yapmam\u0131z gereken bu tart\u0131\u015fmalar\u0131n tek bir amac\u0131 vard\u0131r: kapitalizmin d\u00fcnyas\u0131na son vermek, oca\u011f\u0131na incir a\u011fac\u0131 dikmek. Bu da d\u00fcnya \u00e7ap\u0131nda bir toplumsal devrime yol a\u00e7acak ayaklanma, s\u0131n\u0131f sava\u015f\u0131, toplumsal sava\u015f prati\u011fi yoluyla ger\u00e7ekle\u015fir. Ba\u015fka bir deyi\u015fle, anar\u015fistler aras\u0131ndak ve, anar\u015fistler ile devlet, ulus, sermaye ve patriyarkaya derhal son verecek olan t\u00fcm devrimciler aras\u0131ndaki yo\u011fun tart\u0131\u015fma.<\/p>\n<p>Bu nedenle, belirli tart\u0131\u015fmalar\u0131 yo\u011funla\u015ft\u0131rma ihtiyac\u0131n\u0131n yan\u0131 s\u0131ra, kitap fuar\u0131n\u0131n i\u00e7eri\u011fi a\u00e7\u0131s\u0131ndan da belirli konulara odaklanaca\u011f\u0131z.<\/p>\n<p>&#8211; Sava\u015fa y\u00f6nelik tutum (Ukrayna&#8217;da ve ba\u015fka yerlerde)<\/p>\n<p>&#8211; Birbirinden ayr\u0131lmas\u0131 m\u00fcmk\u00fcn olmayan milliyet\u00e7ilik-ulus-halk-devlet olgular\u0131yla hesapla\u015fma.<\/p>\n<p>&#8211; Anar\u015fist ve devrimci fikirlerin kitap, propaganda, pratik vb. yollarla yay\u0131lmas\u0131.<\/p>\n<p>Anar\u015fist hareketin pek \u00e7ok soruya tutarl\u0131 bir cep vermeyi ba\u015fard\u0131\u011f\u0131, pek \u00e7ok konuda tutarl\u0131 bir duru\u015fa ula\u015ft\u0131\u011f\u0131 d\u00fc\u015f\u00fcn\u00fclebilir, ancak kimi anar\u015fistlerin s\u00f6yledi\u011fi \u00fczere, ger\u00e7eklikten daha radikal bir \u015fey yoktur ve bu bir kez daha ifadesini bulmu\u015ftur. \u00c7ok yanl\u0131\u015f anla\u015f\u0131lan bir s\u00f6z bu; \u00e7\u00fcnk\u00fc hala bir yandan anar\u015fist olduklar\u0131n\u0131 s\u00f6yleyen, di\u011fer yandansa s\u00f6z\u00fcm ona m\u00fccadele etmek istedikleri devletin ve milletin yan\u0131nda saf tutmaya devam eden insanlar var. \u015eu anda bahsetti\u011fimiz \u015fey ne? Katalonya, K\u00fcrdistan, Mapu\u00e7eler, Filistin, Ukrayna ya da di\u011fer pek \u00e7ok ge\u00e7mi\u015f ve g\u00fcncel \u00f6rnekten mi bahsediyoruz? Se\u00e7imlere kat\u0131lmaktan, siyasi partileri desteklemekten mi, demokrasiyi (dolay\u0131s\u0131yla kapitalist devleti) korumaktan m\u0131, \u015fiddet tekelini me\u015frula\u015ft\u0131rmaktan m\u0131 yoksa bunlar\u0131n hepsinden ayn\u0131 anda m\u0131 bahsediyoruz? Bunu koronavir\u00fcsle ili\u015fkili olarak da g\u00f6rebiliriz, sadece anar\u015fist bir hareketin hangi &#8222;g\u00fc\u00e7s\u00fczl\u00fc\u011fe&#8220; d\u00fc\u015febilece\u011fini de\u011fil, ayn\u0131 zamanda devletin me\u015frula\u015ft\u0131r\u0131lmas\u0131 i\u00e7in nas\u0131l bir itici g\u00fc\u00e7 olabilece\u011fini de. Peki t\u00fcm bunlar\u0131n anar\u015fizmle ya da anar\u015fist bir hareketle ne ilgisi olabilir? Cevap olduk\u00e7a basit, hi\u00e7bir ilgisi yok.<\/p>\n<p>Peki t\u00fcm bunlarla nereye varmaya \u00e7al\u0131\u015f\u0131yoruz, bunun yukar\u0131da bahsedilen s\u00f6zle ba\u011flant\u0131s\u0131 ne ve bunun Anar\u015fist Kitap Fuar\u0131 ile ne ilgisi var? Olduk\u00e7a basit bir \u015fekilde, ger\u00e7eklik her zaman ne yapt\u0131klar\u0131n\u0131n fark\u0131nda olmayanlar\u0131 yakalar ve bu da onlar\u0131n asl\u0131nda kendilerine ait olmayan pozisyonlar\u0131 savunmalar\u0131na yol a\u00e7ar. Bunu en iyi yukar\u0131da bahsetti\u011fimiz \u00f6rneklerde g\u00f6r\u00fcyoruz. Ger\u00e7eklik, sadece idealizme dayal\u0131 pozisyonlar\u0131yla kumdan kaleler in\u015fa ederek inan\u0131lmaz derecede radikal oldu\u011funu sanan herkesi yakalar ve sonu\u00e7ta elimizde sadece reformizme ve kar\u015f\u0131 devrime hizmet eden pozisyonlar ve tutumlar kal\u0131r.<\/p>\n<p>Bu da bizi, \u015fimdiki an\u0131n karma\u015fas\u0131n\u0131 \u00e7\u00f6zmek i\u00e7in, yolu prati\u011fe \u00e7\u0131kmas\u0131 gereken tart\u0131\u015fmalar\u0131n gereklili\u011fine g\u00f6t\u00fcr\u00fcyor.<\/p>\n<p>Bu nedenle kitap fuar\u0131 ayn\u0131 zamanda genel olarak sava\u015f ve hem g\u00fcncel hem de tarihsel olarak belirli sava\u015flar hakk\u0131ndaki sorulara ve bunlar\u0131n kapitalist devlete ve ulusa neden i\u00e7kin oldu\u011funa, onlarla aram\u0131zda neden uzla\u015fmaz bir d\u00fc\u015fmanl\u0131k oldu\u011funa odaklanacakt\u0131r. Dolay\u0131s\u0131yla sadece ajitasyon ve propaganda de\u011fil, i\u00e7eri\u011fe dair tav\u0131rlar da muazzam bir \u00f6nem ve gereklilik ta\u015f\u0131yor. Kendilerine anar\u015fist diyen insanlar\u0131n kapitalizmin \u00e7e\u015fitli fraksiyonlar\u0131 aras\u0131ndaki burjuvazi b\u00fcnyesindeki sava\u015flarda yer almas\u0131 anar\u015fist hareket i\u00e7in ne anlama geliyor, daha do\u011frusu bu hareket hakk\u0131nda ne s\u00f6yl\u00fcyor? Bu hala anar\u015fizm ya da devrimcilik midir? Ve sava\u015flarda hala devrimci bir \u015fekilde hareket edebilmek i\u00e7in ne gibi se\u00e7eneklerimiz var? Ve elbette bu ba\u011flamda rol oynam\u0131\u015f ve oynamaya devam eden binlerce soru daha.<\/p>\n<p>Bu nedenle, bu sorular\u0131 ve daha bir\u00e7o\u011funu tart\u0131\u015fmak i\u00e7in, bu konular\u0131 ele alma ihtiyac\u0131 hisseden herkesi 5 Eyl\u00fcl &#8211; 8 Eyl\u00fcl 2024 tarihleri aras\u0131nda Berlin-Kreuzberg&#8217;de d\u00fczenlenecek olan Anar\u015fist Kitap Fuar\u0131&#8217;na davet ediyoruz.<\/p>\n<p>Ayr\u0131ca kitap fuar\u0131n\u0131n karakteri enternasyonal ve enternasyonalist olmal\u0131 ve \u00e7a\u011fr\u0131 m\u00fcmk\u00fcn olan t\u00fcm dillerde yay\u0131nlanmal\u0131 ki anar\u015fistler ve t\u00fcm devrimciler aras\u0131ndaki ba\u011f g\u00fc\u00e7lenebilsin.<\/p>\n<p>Stand a\u00e7mak veya bir tart\u0131\u015fma ba\u015flatmak istiyorsan\u0131z, bizimle bu adresten ileti\u015fime ge\u00e7ebilirsin: abmb@riseup.net, daha fazla bilgi i\u00e7in: anarchistischebuechermesse.noblogs.org<\/p>\n<p>Ajitasyon, ayaklanma, anar\u015fi!<\/p>\n","protected":false},"excerpt":{"rendered":"<p>Anar\u015fist bir kitap fuar\u0131n\u0131n 5 Eyl\u00fcl &#8211; 8 Eyl\u00fcl 2024 tarihleri aras\u0131nda Berlin-Kreuzberg 36&#8217;da, Bethanien 2 B, 10997 adresindeki NewYorck&#8217;ta ger\u00e7ekle\u015fece\u011fini duyurmaktan b\u00fcy\u00fck mutluluk duyuyoruz. Bildi\u011fimiz kadar\u0131yla Berlin b &#8218;de b\u00f6yle bir \u015fey en son 2016 y\u0131l\u0131nda Anar\u015fist Fikirler ve Yay\u0131nlar G\u00fcnleri d\u00fczenlendi\u011finde ger\u00e7ekle\u015fmi\u015fti. O zamandan bu yana uzun y\u0131llar ge\u00e7mekle kalmad\u0131, ayn\u0131 zamanda anar\u015fist &hellip; <a href=\"https:\/\/anarchistischebuechermesse.noblogs.org\/?page_id=129\" class=\"more-link\"><span class=\"screen-reader-text\">Anar\u015fist Kitap Fuar\u0131 Berlin-Kreuzberg 2024<\/span> weiterlesen <span class=\"meta-nav\">&rarr;<\/span><\/a><\/p>\n","protected":false},"author":19357,"featured_media":0,"parent":0,"menu_order":0,"comment_status":"closed","ping_status":"closed","template":"","meta":{"footnotes":""},"class_list":["post-129","page","type-page","status-publish","hentry"],"_links":{"self":[{"href":"https:\/\/anarchistischebuechermesse.noblogs.org\/index.php?rest_route=\/wp\/v2\/pages\/129","targetHints":{"allow":["GET"]}}],"collection":[{"href":"https:\/\/anarchistischebuechermesse.noblogs.org\/index.php?rest_route=\/wp\/v2\/pages"}],"about":[{"href":"https:\/\/anarchistischebuechermesse.noblogs.org\/index.php?rest_route=\/wp\/v2\/types\/page"}],"author":[{"embeddable":true,"href":"https:\/\/anarchistischebuechermesse.noblogs.org\/index.php?rest_route=\/wp\/v2\/users\/19357"}],"replies":[{"embeddable":true,"href":"https:\/\/anarchistischebuechermesse.noblogs.org\/index.php?rest_route=%2Fwp%2Fv2%2Fcomments&post=129"}],"version-history":[{"count":2,"href":"https:\/\/anarchistischebuechermesse.noblogs.org\/index.php?rest_route=\/wp\/v2\/pages\/129\/revisions"}],"predecessor-version":[{"id":131,"href":"https:\/\/anarchistischebuechermesse.noblogs.org\/index.php?rest_route=\/wp\/v2\/pages\/129\/revisions\/131"}],"wp:attachment":[{"href":"https:\/\/anarchistischebuechermesse.noblogs.org\/index.php?rest_route=%2Fwp%2Fv2%2Fmedia&parent=129"}],"curies":[{"name":"wp","href":"https:\/\/api.w.org\/{rel}","templated":true}]}}