{"id":138,"date":"2023-12-13T21:36:51","date_gmt":"2023-12-13T20:36:51","guid":{"rendered":"https:\/\/anarchistischebuechermesse.noblogs.org\/?page_id=138"},"modified":"2023-12-13T21:36:51","modified_gmt":"2023-12-13T20:36:51","slug":"salon-du-livre-anarchiste-berlin-kreuzberg-2024","status":"publish","type":"page","link":"https:\/\/anarchistischebuechermesse.noblogs.org\/?page_id=138","title":{"rendered":"Salon du livre anarchiste &#8211; Berlin-Kreuzberg 2024"},"content":{"rendered":"<p><span style=\"font-size: medium\">Nous avons le plaisir d\u2019annoncer qu\u2019un salon du livre anarchiste aura lieu du 5 au 8 septembre 2024 au <\/span><em><span style=\"font-size: medium\">NewYorck im Bethanien<\/span><\/em><span style=\"font-size: medium\"> \u00e0 Berlin-Kreuzberg. \u00c0 notre connaissance, la derni\u00e8re fois qu\u2019une manifestation similaire a eu lieu \u00e0 Berlin, c\u2019\u00e9tait en 2016, \u00e0 l\u2019occasion des <\/span><a href=\"https:\/\/ausloeser.blackblogs.org\/\" target=\"_blank\" rel=\"noopener\"><span style=\"color: #0000ff\"><span style=\"font-size: medium\"><u>Journ\u00e9es des id\u00e9es et publications anarchistes<\/u><\/span><\/span><\/a><span style=\"font-size: medium\">. Non seulement de trop nombreuses ann\u00e9es se sont \u00e9coul\u00e9es depuis, mais il est vraiment important d\u2019organiser \u00e0 nouveau un \u00e9v\u00e9nement r\u00e9gulier \u00e0 Berlin en ce qui concerne la diffusion des id\u00e9es anarchistes et r\u00e9volutionnaires. Le salon du livre ne doit donc pas \u00eatre consid\u00e9r\u00e9 comme quelque chose d\u2019\u00e9ph\u00e9m\u00e8re, mais comme un \u00e9v\u00e9nement continu qui devrait avoir lieu chaque ann\u00e9e. Depuis le d\u00e9but des ann\u00e9es 2010, les salons du livre anarchistes \u00e0 travers l\u2019Europe, de la p\u00e9ninsule ib\u00e9rique aux Balkans, ont contribu\u00e9 \u00e0 un renouveau des id\u00e9es et des pratiques anarchistes qui est plus que bienvenu. Il en a r\u00e9sult\u00e9 non seulement des liens et des r\u00e9f\u00e9rences entre compagnons \u00e0 travers le monde, mais aussi l\u2019internationalisation des d\u00e9bats. Et c\u2019est ce que nous voulons r\u00e9aliser avec ce salon du livre.<\/span><\/p>\n<p><span style=\"font-size: medium\">Il y a de nombreuses raisons d\u2019organiser des salons du livre anarchiste \u00e0 Berlin et ailleurs, pour donner plus d\u2019espace aux livres anarchistes, et donc aux id\u00e9es anarchistes, mais est-ce exactement ce que nous voulons\u00a0? Est-ce que cela nous suffit d\u2019installer quelques tables avec des livres, d\u2019organiser quelques s\u00e9ances de lecture, de tra\u00eener un peu\u00a0? Non, ce n\u2019est pas suffisant, car ce que nous voulons avant tout, c\u2019est intensifier les d\u00e9bats qui doivent d\u00e9boucher sur la pratique. Les livres et toutes les productions \u00e9crites sont donc des vecteurs importants qui peuvent nous relier les uns aux autres, mais les livres seuls ne signifient rien. Ce qui est utile, c&#8217;est le contenu qu\u2019ils v\u00e9hiculent, c\u2019est la pratique qui fa\u00e7onne le mouvement r\u00e9el. Le contenu comprend toutes sortes de sujets et de questions qui doivent faire l\u2019objet de discussions, d\u2019un d\u00e9bat. Le but de ce d\u00e9bat, de ces discussions que nous devons avoir ici et partout dans le monde, est le suivant\u00a0: faire s\u2019\u00e9crouler le capitalisme et mettre fin \u00e0 son monde. Cela passera par la pratique de l\u2019insurrection, de la guerre de classe, de la guerre sociale pour aboutir \u00e0 une r\u00e9volution sociale mondiale. Il s\u2019agit donc d\u2019un d\u00e9bat intense entre les anarchistes et tous les r\u00e9volutionnaires qui veulent en finir imm\u00e9diatement avec l\u2019\u00c9tat-nation, le capital et le patriarcat.<\/span><\/p>\n<p><span style=\"font-size: medium\">Par cons\u00e9quent, en plus de la n\u00e9cessit\u00e9 d\u2019intensifier des d\u00e9bats sp\u00e9cifiques, nous aurons \u00e9galement des priorit\u00e9s en mati\u00e8re de contenu pour le salon du livre.<\/span><\/p>\n<p>\u2013 <span style=\"font-size: medium\">Quelle attitude face \u00e0 la guerre (en Ukraine et ailleurs)\u00a0?<\/span><\/p>\n<p>\u2013 <span style=\"font-size: medium\">Aborder les th\u00e9matiques du nationalisme, de la nation, du peuple, de l\u2019\u00c9tat, qui sont indissociables les uns des autres.<\/span><\/p>\n<p>\u2013 <span style=\"font-size: medium\">La diffusion des id\u00e9es anarchistes et r\u00e9volutionnaires par les livres, la propagande, la pratique, etc.<\/span><\/p>\n<p><span style=\"font-size: medium\">On pourrait penser que le mouvement anarchiste est d\u00e9j\u00e0 parvenu \u00e0 une r\u00e9ponse\/une position coh\u00e9rente sur de nombreuses questions, mais comme le disent certains anarchistes, il n\u2019y a rien de plus radical que la r\u00e9alit\u00e9 et cela a \u00e9t\u00e9 exprim\u00e9 une fois de plus. Un adage tr\u00e8s mal compris, car de pr\u00e9tendus anarchistes continuent de se ranger du c\u00f4t\u00e9 de l\u2019\u00c9tat-nation, alors que certains d\u2019entre eux s\u2019imaginent le combattre. De quoi parlons-nous en ce moment\u00a0? De la Catalogne, du Kurdistan, des Mapuches, de la Palestine, de l\u2019Ukraine ou de tant d\u2019autres exemples pass\u00e9s et pr\u00e9sents\u00a0? S\u2019agit-il de participer aux \u00e9lections, de soutenir des partis, de d\u00e9fendre la d\u00e9mocratie (c\u2019est-\u00e0-dire l\u2019\u00c9tat capitaliste), de l\u00e9gitimer le monopole de la violence, ou de tout cela \u00e0 la fois\u00a0? C\u2019est ce que nous avons d\u00e9j\u00e0 pu constater lors de la crise du coronavirus, non seulement \u00ab\u00a0l\u2019impuissance\u00a0\u00bb dans laquelle le mouvement anarchiste a \u00e9t\u00e9 capable de tomber, mais aussi l\u2019\u00e9lan avec lequel il est capable de l\u00e9gitimer l\u2019\u00c9tat. Mais qu\u2019est-ce que tout cela peut bien avoir \u00e0 voir avec l\u2019anarchisme, avec le mouvement anarchiste\u00a0? Tr\u00e8s simple, rien du tout.<\/span><\/p>\n<p><span style=\"font-size: medium\">Mais o\u00f9 voulons-nous en venir avec tout cela, quel est le rapport avec l\u2019adage mentionn\u00e9 plus haut et quel est le rapport avec ce salon du livre anarchiste\u00a0? Tout simplement que la r\u00e9alit\u00e9 rattrape toujours ceux qui ne sont pas au clair avec eux-m\u00eames et avec leur propre histoire, ce qui les am\u00e8ne \u00e0 d\u00e9fendre des positions qui ne sont pas les leurs. Les exemples cit\u00e9s plus haut en sont la meilleure illustration. La r\u00e9alit\u00e9 rattrape tous ceux qui se croient si incroyablement radicaux, alors qu\u2019ils n\u2019ont construit leurs positions que sur de l\u2019id\u00e9alisme et du sable, et il en r\u00e9sulte des positions et des attitudes qui ne servent que le r\u00e9formisme et la contre-r\u00e9volution.<\/span><\/p>\n<p><span style=\"font-size: medium\">Cela nous am\u00e8ne \u00e0 la n\u00e9cessit\u00e9 de d\u00e9bats qui doivent d\u00e9boucher sur la pratique afin de lever la confusion du moment pr\u00e9sent.<\/span><\/p>\n<p><span style=\"font-size: medium\">Par cons\u00e9quent, le salon du livre devrait \u00e9galement se concentrer sur les questions li\u00e9es \u00e0 la guerre en g\u00e9n\u00e9ral et aux guerres sp\u00e9cifiques, tant contemporaines que pass\u00e9es, et sur les raisons pour lesquelles ces guerres sont inh\u00e9rentes \u00e0 l\u2019\u00c9tat-nation capitaliste et pourquoi notre rapport \u00e0 cet \u00e9gard ne peut \u00eatre qu\u2019un rapport d\u2019hostilit\u00e9 irr\u00e9conciliable. Il est donc crucial et n\u00e9cessaire de ne pas se contenter de faire de l&#8217;agitation ou de la propagande, mais de prendre des positions de fond. Qu\u2019est-ce que cela signifie pour le mouvement anarchiste, ou plut\u00f4t qu\u2019est-ce que cela dit de celui-ci, lorsque des gens qui se pr\u00e9tendent anarchistes prennent part \u00e0 des guerres intra-bourgeoises entre diff\u00e9rentes fractions du capitalisme\u00a0? S\u2019agit-il encore d\u2019anarchisme ou de r\u00e9volution\u00a0? Et quelles options avons-nous pour pouvoir agir de mani\u00e8re r\u00e9volutionnaire dans les guerres\u00a0? Et certainement mille autres questions qui ont jou\u00e9 et jouent encore un r\u00f4le dans ce contexte.<\/span><\/p>\n<p><span style=\"font-size: medium\">C\u2019est pourquoi, afin de discuter de ces questions et de bien d\u2019autres, nous invitons tous ceux qui ressentent le besoin d\u2019aborder ces sujets au Salon du livre anarchiste du 5 au 8 septembre 2024 \u00e0 Berlin-Kreuzberg.<\/span><\/p>\n<p><span style=\"font-size: medium\">Le caract\u00e8re du salon du livre devrait \u00e9galement \u00eatre international et internationaliste et l\u2019appel devrait \u00eatre publi\u00e9 dans toutes les langues possibles, car le lien entre les anarchistes et tous les r\u00e9volutionnaires doit \u00eatre renforc\u00e9.<\/span><\/p>\n<p><span style=\"font-size: medium\">Si vous souhaitez organiser une table d\u2019information, si vous voulez lancer une discussion, contactez-nous ici\u00a0: <\/span><a href=\"mailto:abmb@riseup.net\"><span style=\"color: #0000ff\"><span style=\"font-size: medium\"><u>abmb@riseup.net<\/u><\/span><\/span><\/a><span style=\"font-size: medium\">, plus d&#8217;informations sur anarchistischebuechermesse.noblogs.org.<\/span><\/p>\n<p><strong><span style=\"font-size: medium\">Agitation, insurrection, anarchie!<\/span><\/strong><\/p>\n","protected":false},"excerpt":{"rendered":"<p>Nous avons le plaisir d\u2019annoncer qu\u2019un salon du livre anarchiste aura lieu du 5 au 8 septembre 2024 au NewYorck im Bethanien \u00e0 Berlin-Kreuzberg. \u00c0 notre connaissance, la derni\u00e8re fois qu\u2019une manifestation similaire a eu lieu \u00e0 Berlin, c\u2019\u00e9tait en 2016, \u00e0 l\u2019occasion des Journ\u00e9es des id\u00e9es et publications anarchistes. Non seulement de trop nombreuses &hellip; <a href=\"https:\/\/anarchistischebuechermesse.noblogs.org\/?page_id=138\" class=\"more-link\"><span class=\"screen-reader-text\">Salon du livre anarchiste &#8211; Berlin-Kreuzberg 2024<\/span> weiterlesen <span class=\"meta-nav\">&rarr;<\/span><\/a><\/p>\n","protected":false},"author":19357,"featured_media":0,"parent":0,"menu_order":0,"comment_status":"closed","ping_status":"closed","template":"","meta":{"footnotes":""},"class_list":["post-138","page","type-page","status-publish","hentry"],"_links":{"self":[{"href":"https:\/\/anarchistischebuechermesse.noblogs.org\/index.php?rest_route=\/wp\/v2\/pages\/138","targetHints":{"allow":["GET"]}}],"collection":[{"href":"https:\/\/anarchistischebuechermesse.noblogs.org\/index.php?rest_route=\/wp\/v2\/pages"}],"about":[{"href":"https:\/\/anarchistischebuechermesse.noblogs.org\/index.php?rest_route=\/wp\/v2\/types\/page"}],"author":[{"embeddable":true,"href":"https:\/\/anarchistischebuechermesse.noblogs.org\/index.php?rest_route=\/wp\/v2\/users\/19357"}],"replies":[{"embeddable":true,"href":"https:\/\/anarchistischebuechermesse.noblogs.org\/index.php?rest_route=%2Fwp%2Fv2%2Fcomments&post=138"}],"version-history":[{"count":1,"href":"https:\/\/anarchistischebuechermesse.noblogs.org\/index.php?rest_route=\/wp\/v2\/pages\/138\/revisions"}],"predecessor-version":[{"id":139,"href":"https:\/\/anarchistischebuechermesse.noblogs.org\/index.php?rest_route=\/wp\/v2\/pages\/138\/revisions\/139"}],"wp:attachment":[{"href":"https:\/\/anarchistischebuechermesse.noblogs.org\/index.php?rest_route=%2Fwp%2Fv2%2Fmedia&parent=138"}],"curies":[{"name":"wp","href":"https:\/\/api.w.org\/{rel}","templated":true}]}}