{"id":21,"date":"2023-09-07T19:59:53","date_gmt":"2023-09-07T17:59:53","guid":{"rendered":"https:\/\/anarchistischebuechermesse.noblogs.org\/?page_id=21"},"modified":"2024-03-23T18:59:12","modified_gmt":"2024-03-23T17:59:12","slug":"links","status":"publish","type":"page","link":"https:\/\/anarchistischebuechermesse.noblogs.org\/?page_id=21","title":{"rendered":"Links"},"content":{"rendered":"<p><span style=\"font-size: medium\"><b>B\u00fcchermessen \/ <\/b><\/span><span style=\"font-size: medium\"><b>Bookfairs &#8211; Treffen \/ Meetings:<\/b><\/span><\/p>\n<p><span style=\"font-size: medium\"><a href=\"https:\/\/actionweek.noblogs.org\/\">Action week \u2013 2024<\/a> Together against capitalist wars and capitalist peace! <\/span><\/p>\n<p><a href=\"https:\/\/anarchistbookfairs.blogspot.com\/\"><span style=\"font-size: medium\">Anarchist Bookfairs of the World <\/span><\/a><\/p>\n<p><span style=\"font-size: medium\"><a href=\"https:\/\/abgent.noblogs.org\/\">Anarchist Bookfair Gent 2024<\/a><\/span><\/p>\n<p><span style=\"font-size: medium\"><a href=\"https:\/\/buchmesse.anarchie-mannheim.de\/\">Anarchistische B\u00fcchermeese Mannheim 2024<\/a><\/span><\/p>\n<p>Anarchistische Tage Bremen 2024<\/p>\n<p><a href=\"https:\/\/acat.noblogs.org\/\">Allj\u00e4hrliches chaotisch-anarchistisches Treffen # 2<\/a><\/p>\n<p><span style=\"font-size: medium\"><a href=\"https:\/\/newcastlebookfair.org.uk\/\">Balkan Anarchist Bookfair (Pristina)<\/a><\/span><\/p>\n<p>&nbsp;<\/p>\n<p><span style=\"font-size: medium\"><b>Verlage \/ Editions \u2013 Publikationen \/ Publications \u2013 <\/b><\/span><span style=\"font-size: medium\"><b>Bibliotheken \/ Libraries \u2013 Gruppen \/ Groups<\/b><\/span><\/p>\n<p><a href=\"http:\/\/acorpsperdu.wikidot.com\/deutsch\"><span style=\"font-size: medium\">A Corps Perdu<\/span><\/a><\/p>\n<p><span style=\"font-size: medium\">Anarchistische Bibliothek <a href=\"https:\/\/nongrata.noblogs.org\/\" target=\"_blank\" rel=\"noopener\">Non grata<\/a><\/span><\/p>\n<p><a href=\"https:\/\/anarchroniqueeditions.noblogs.org\/\"><span style=\"font-size: medium\">Anar\u2019chronique \u00e9ditions<\/span><\/a><\/p>\n<p><span style=\"font-size: medium\"><a href=\"https:\/\/antimilitarismus.noblogs.org\/\" target=\"_blank\" rel=\"noopener\">Antimilitaristick\u00e1 iniciativa<\/a> (AMI)<\/span><\/p>\n<p><a href=\"https:\/\/antipolitika.noblogs.org\/\" target=\"_blank\" rel=\"noopener\"><span style=\"font-size: medium\">Antipolitika: anarchist journal from the balkans<\/span><\/a><\/p>\n<p><a href=\"https:\/\/astendenz.blackblogs.org\/\" target=\"_blank\" rel=\"noopener\"><span style=\"font-size: medium\">Antipolitisch-Sozialrevolution\u00e4re Tendenz<\/span><\/a><\/p>\n<p><span style=\"font-size: medium\"><a href=\"https:\/\/autonomesblaettchen.noblogs.org\/\">Autonomes Bl\u00e4ttchen<\/a> <\/span><\/p>\n<p><a href=\"https:\/\/avisdetempetes.noblogs.org\/\"><span style=\"font-size: medium\">Avis de temp\u00eates<\/span><\/a><\/p>\n<p><a href=\"https:\/\/barbaria.net\/\" target=\"_blank\" rel=\"noopener\"><span style=\"font-size: medium\">Barbaria<\/span><\/a><\/p>\n<p><a href=\"https:\/\/cuadernosdenegacion.blogspot.com\/\" target=\"_blank\" rel=\"noopener\"><span style=\"font-size: medium\">Cuadernos de Negacion<\/span><\/a><\/p>\n<p><a href=\"https:\/\/sobib.blackblogs.org\/\"><span style=\"font-size: medium\">Die selbstorganisierte Bibliothek<\/span><\/a><\/p>\n<p><a href=\"http:\/\/www.edition-av.de\/\" target=\"_blank\" rel=\"noopener\"><span style=\"font-size: medium\">Edition AV<\/span><\/a><\/p>\n<p><span style=\"font-size: medium\"><a href=\"https:\/\/editionirreversibel.noblogs.org\/\">Edition Irreversibel<\/a> <\/span><\/p>\n<p><span style=\"font-size: medium\"><a href=\"https:\/\/editionwalpurgisnacht.noblogs.org\/\">Edition Walpurgisnacht<\/a> <\/span><\/p>\n<p><span style=\"font-size: medium\"><a href=\"https:\/\/www.edizionianarchismo.net\/\">Edizioni Anarchismo<\/a> <\/span><\/p>\n<p><a href=\"http:\/\/www.elephanteditions.net\/\"><span style=\"font-size: medium\">Elephant Editions<\/span><\/a><\/p>\n<p><a href=\"https:\/\/finimondo.org\/\"><span style=\"font-size: medium\">Finimondo<\/span><\/a><\/p>\n<p><a href=\"http:\/\/www.gratisedizioni.org\/\"><span style=\"font-size: medium\">Gratis Edizioni<\/span><\/a><\/p>\n<p><a href=\"https:\/\/hourriya.noblogs.org\/\"><span style=\"font-size: medium\">Hourriya<\/span><\/a><\/p>\n<p><a href=\"https:\/\/ilrovescio.info\/\" target=\"_blank\" rel=\"noopener\"><span style=\"font-size: medium\">Il Rovescio<\/span><\/a><\/p>\n<p><a href=\"https:\/\/infoladensalzburg.wordpress.com\/\" target=\"_blank\" rel=\"noopener\"><span style=\"font-size: medium\">Infoladen Salzburg<\/span><\/a><\/p>\n<p><a href=\"http:\/\/kalabalik.blackblogs.org\/\"><span style=\"font-size: medium\">Kalabalik<\/span><\/a><\/p>\n<p><a href=\"https:\/\/kon-flikt.org\/en\/\" target=\"_blank\" rel=\"noopener\"><span style=\"font-size: medium\">Konflikt<\/span><\/a><\/p>\n<p><a href=\"https:\/\/lanemesi.noblogs.org\/\"><span style=\"font-size: medium\">La Nemesi<\/span><\/a><\/p>\n<p><a href=\"https:\/\/boletinlaovejanegra.blogspot.com\/\" target=\"_blank\" rel=\"noopener\"><span style=\"font-size: medium\">La Oveja negra<\/span><\/a><\/p>\n<p><span style=\"font-size: medium\"><a href=\"https:\/\/librifelis.noblogs.org\/\">Libri Felis Nigrae<\/a> <\/span><\/p>\n<p><span style=\"font-size: medium\"><a href=\"https:\/\/maschinenstuermerdistro.noblogs.org\/\">Maschinenst\u00fcrmer Distro<\/a> <\/span><\/p>\n<p><a href=\"http:\/\/mutineseditions.free.fr\/\"><span style=\"font-size: medium\">Mutines Seditions<\/span><\/a><\/p>\n<p><a href=\"https:\/\/subverze.noblogs.org\/\" target=\"_blank\" rel=\"noopener\"><span style=\"font-size: medium\">Nakladatelstv\u00ed Subverze<\/span><\/a><\/p>\n<p><a href=\"http:\/\/www.non-fides.fr\/\"><span style=\"font-size: medium\">Non Fides<\/span><\/a><\/p>\n<p><a href=\"https:\/\/ravageeditions.noblogs.org\/\"><span style=\"font-size: medium\">Ravage Editions<\/span><\/a><\/p>\n<p><a href=\"https:\/\/revolutionsverlag.noblogs.org\/\"><span style=\"font-size: medium\">Revolutionsverlag<\/span><\/a><\/p>\n<p><a href=\"https:\/\/revolte.blackblogs.org\/\"><span style=\"font-size: medium\">Revolte<\/span><\/a><\/p>\n<p><a href=\"https:\/\/rupture.noblogs.org\/\"><span style=\"font-size: medium\">Rupture<\/span><\/a><\/p>\n<p><a href=\"https:\/\/www.autistici.org\/tridnivalka\/\" target=\"_blank\" rel=\"noopener\"><span style=\"font-size: medium\">T\u0159\u00eddn\u00ed v\u00e1lka<\/span><\/a><\/p>\n<p><a href=\"https:\/\/tumult.noblogs.org\/\"><span style=\"font-size: medium\">Tumult<\/span><\/a><\/p>\n<p><a href=\"https:\/\/unruhen.org\/\"><span style=\"font-size: medium\">Unruhen Publikationen<\/span><\/a><\/p>\n<p>&nbsp;<\/p>\n<p><span style=\"font-size: medium\"><b>Andere \u2013 Other (Archive)<\/b><\/span><\/p>\n<p><a href=\"https:\/\/anarchistischebibliothek.org\/\"><span style=\"font-size: medium\">Anarchistische Bibliothek<\/span><\/a><\/p>\n<p><span style=\"font-size: medium\"><a href=\"https:\/\/anarchistlibraries.net\/\">Anarchist Libraries<\/a><\/span><\/p>\n<p><span style=\"font-size: medium\"><a href=\"http:\/\/archivesautonomies.org\/\">Archives Autonomies<\/a><\/span><\/p>\n<p><span style=\"font-size: medium\"><a href=\"https:\/\/infokiosques.net\/\">Info Kiosques<\/a><\/span><\/p>\n<p><span style=\"font-size: medium\"><a href=\"https:\/\/www.oocities.org\/~johngray\/\">John Gray Archive<\/a><\/span><\/p>\n<p><span style=\"font-size: medium\"><a href=\"https:\/\/lemaquis.noblogs.org\/\">Le Maquis<\/a><\/span><\/p>\n","protected":false},"excerpt":{"rendered":"<p>B\u00fcchermessen \/ Bookfairs &#8211; Treffen \/ Meetings: Action week \u2013 2024 Together against capitalist wars and capitalist peace! Anarchist Bookfairs of the World Anarchist Bookfair Gent 2024 Anarchistische B\u00fcchermeese Mannheim 2024 Anarchistische Tage Bremen 2024 Allj\u00e4hrliches chaotisch-anarchistisches Treffen # 2 Balkan Anarchist Bookfair (Pristina) &nbsp; Verlage \/ Editions \u2013 Publikationen \/ Publications \u2013 Bibliotheken \/ &hellip; <a href=\"https:\/\/anarchistischebuechermesse.noblogs.org\/?page_id=21\" class=\"more-link\"><span class=\"screen-reader-text\">Links<\/span> weiterlesen <span class=\"meta-nav\">&rarr;<\/span><\/a><\/p>\n","protected":false},"author":19357,"featured_media":0,"parent":0,"menu_order":0,"comment_status":"closed","ping_status":"closed","template":"","meta":{"footnotes":""},"class_list":["post-21","page","type-page","status-publish","hentry"],"_links":{"self":[{"href":"https:\/\/anarchistischebuechermesse.noblogs.org\/index.php?rest_route=\/wp\/v2\/pages\/21","targetHints":{"allow":["GET"]}}],"collection":[{"href":"https:\/\/anarchistischebuechermesse.noblogs.org\/index.php?rest_route=\/wp\/v2\/pages"}],"about":[{"href":"https:\/\/anarchistischebuechermesse.noblogs.org\/index.php?rest_route=\/wp\/v2\/types\/page"}],"author":[{"embeddable":true,"href":"https:\/\/anarchistischebuechermesse.noblogs.org\/index.php?rest_route=\/wp\/v2\/users\/19357"}],"replies":[{"embeddable":true,"href":"https:\/\/anarchistischebuechermesse.noblogs.org\/index.php?rest_route=%2Fwp%2Fv2%2Fcomments&post=21"}],"version-history":[{"count":7,"href":"https:\/\/anarchistischebuechermesse.noblogs.org\/index.php?rest_route=\/wp\/v2\/pages\/21\/revisions"}],"predecessor-version":[{"id":179,"href":"https:\/\/anarchistischebuechermesse.noblogs.org\/index.php?rest_route=\/wp\/v2\/pages\/21\/revisions\/179"}],"wp:attachment":[{"href":"https:\/\/anarchistischebuechermesse.noblogs.org\/index.php?rest_route=%2Fwp%2Fv2%2Fmedia&parent=21"}],"curies":[{"name":"wp","href":"https:\/\/api.w.org\/{rel}","templated":true}]}}